hen 2642545 is divided by 528484?
125
What is the remainder when 5876967 is divided by 22?
19
Calculate the remainder when 35420222 is divided by 1115.
17
Calculate the remainder when 669346 is divided by 13124.
22
Calculate the remainder when 26685922 is divided by 3812272.
18
What is the remainder when 8107628 is divided by 48?
44
Calculate the remainder when 6474822 is divided by 1079126.
66
What is the remainder when 1214717 is divided by 1624?
1589
What is the remainder when 3137408 is divided by 2905?
8
What is the remainder when 871438751 is divided by 15?
11
Calculate the remainder when 976009 is divided by 2440.
9
Calculate the remainder when 111269 is divided by 111114.
155
What is the remainder when 624553 is divided by 1041?
994
Calculate the remainder when 59601587 is divided by 3749.
3734
Calculate the remainder when 104728 is divided by 1457.
1281
Calculate the remainder when 14450993 is divided by 247.
11
What is the remainder when 51140 is divided by 2434?
26
Calculate the remainder when 572085 is divided by 190637.
174
What is the remainder when 46975 is divided by 2134?
27
Calculate the remainder when 121079 is divided by 8054.
269
Calculate the remainder when 102901 is divided by 1029.
1
What is the remainder when 329448 is divided by 4715?
4113
What is the remainder when 4590 is divided by 3652?
938
Calculate the remainder when 16200822 is divided by 6146.
6112
Calculate the remainder when 175024 is divided by 87508.
8
What is the remainder when 10098337 is divided by 150?
37
Calculate the remainder when 159603 is divided by 1327.
363
What is the remainder when 331436 is divided by 3723?
89
What is the remainder when 52907 is divided by 17375?
782
What is the remainder when 32315404 is divided by 69?
13
What is the remainder when 184630 is divided by 1808?
214
What is the remainder when 318204 is divided by 1494?
1476
Calculate the remainder when 98186 is divided by 49085.
16
What is the remainder when 13724220 is divided by 980300?
20
Calculate the remainder when 25246367 is divided by 3.
2
What is the remainder when 544997 is divided by 54475?
247
What is the remainder when 66625491 is divided by 3409?
3404
What is the remainder when 3302175 is divided by 458?
453
Calculate the remainder when 2171715 is divided by 1085840.
35
What is the remainder when 44754 is divided by 44493?
261
Calculate the remainder when 166900712 is divided by 21.
20
What is the remainder when 43342326 is divided by 4104?
4086
What is the remainder when 58401577 is divided by 631?
3
Calculate the remainder when 726410 is divided by 5147.
683
What is the remainder when 203613 is divided by 40663?
298
Calculate the remainder when 69629474 is divided by 7736600.
74
Calculate the remainder when 773249 is divided by 127529.
8075
Calculate the remainder when 12846890 is divided by 69.
56
What is the remainder when 4167357 is divided by 2880?
2877
Calculate the remainder when 3004421 is divided by 273127.
24
Calculate the remainder when 6340432 is divided by 126.
112
Calculate the remainder when 88095 is divided by 9747.
372
What is the remainder when 5210745 is divided by 1991?
298
What is the remainder when 358672 is divided by 4503?
2935
What is the remainder when 84291 is divided by 581?
46
Calculate the remainder when 703151 is divided by 619.
586
Calculate the remainder when 1571293 is divided by 46.
25
Calculate the remainder when 185934 is divided by 626.
12
Calculate the remainder when 45315979 is divided by 147.
142
Calculate the remainder when 7939033 is divided by 585.
583
Calculate the remainder when 4604029 is divided by 78.
1
Calculate the remainder when 456775 is divided by 877.
735
What is the remainder when 704820 is divided by 2775?
2745
Calculate the remainder when 171767 is divided by 1679.
509
Calculate the remainder when 5970 is divided by 1653.
1011
What is the remainder when 21075994 is divided by 430122?
16
Calculate the remainder when 237877 is divided by 47562.
67
Calculate the remainder when 891180 is divided by 891156.
24
Calculate the remainder when 144116594 is divided by 72058290.
14
Calculate the remainder when 65737 is divided by 7267.
334
What is the remainder when 1006745 is divided by 1006742?
3
What is the remainder when 1030013 is divided by 307?
28
Calculate the remainder when 190595 is divided by 38113.
30
Calculate the remainder when 1281928 is divided by 744.
16
What is the remainder when 62102 is divided by 62088?
14
What is the remainder when 7910 is divided by 1026?
728
What is the remainder when 196864 is divided by 227?
55
What is the remainder when 1407735 is divided by 4646?
4643
What is the remainder when 591012 is divided by 16883?
107
Calculate the remainder when 2107276 is divided by 22.
6
Calculate the remainder when 83252006 is divided by 15.
11
Calculate the remainder when 49877821 is divided by 1219.
1217
Calculate the remainder when 35845986 is divided by 15074.
14
What is the remainder when 7509 is divided by 218?
97
Calculate the remainder when 82421 is divided by 6301.
508
Calculate the remainder when 6182300 is divided by 279.
218
Calculate the remainder when 347334 is divided by 682.
196
Calculate the remainder when 41074524 is divided by 173.
172
What is the remainder when 15081104 is divided by 5027031?
11
What is the remainder when 846031 is divided by 56?
39
What is the remainder when 1075699 is divided by 1781?
1756
Calculate the remainder when 43742673 is divided by 3.
0
Calculate the remainder when 30520 is divided by 702.
334
Calculate the remainder when 241873 is divided by 241873.
0
What is the remainder when 82741 is divided by 66?
43
Calculate the remainder when 7340 is divided by 3617.
106
Calculate the remainder when 164147 is divided by 54673.
128
What is the remainder when 22702 is divided by 34?
24
Calculate the remainder when 842890 is divided by 33.
4
What is the remainder when 2188420 is divided by 10131?
124
Calculate the remainder when 5980595 is divided by 40.
35
Calculate the remainder when 1726723 is divided by 51.
16
Calculate the remainder when 1032638 is divided by 521.
16
Calculate the remainder when 2408674 is divided by 1546.
6
Calculate the remainder when 2024328 is divided by 572.
20
Calculate the remainder when 3277773 is divided by 1638846.
81
Calculate the remainder when 357842 is divided by 72.
2
Calculate the remainder when 1307763 is divided by 435914.
21
Calculate the remainder when 14652588 is divided by 1544.
28
What is the remainder when 31797108 is divided by 206?
184
Calculate the remainder when 22194645 is divided by 11097317.
11
Calculate the remainder when 16092305 is divided by 13.
8
Calculate the remainder when 1517 is divided by 891.
626
Calculate the remainder when 416201 is divided by 416178.
23
Calculate the remainder when 8590291 is divided by 389.
4
Calculate the remainder when 33569985 is divided by 1521.
1515
What is the remainder when 354389 is divided by 20841?
92
Calculate the remainder when 27802857 is divided by 308.
5
Calculate the remainder when 161172 is divided by 4477.
0
Calculate the remainder when 5034619 is divided by 8391.
19
Calculate the remainder when 31003 is divided by 1549.
23
Calculate the remainder when 542787 is divided by 118.
105
Calculate the remainder when 6187527 is divided by 53.
42
What is the remainder when 20653787 is divided by 938808?
11
Calculate the remainder when 204575 is divided by 204569.
6
What is the remainder when 4212188 is divided by 47?
1
What is the remainder when 847559172 is divided by 101?
98
What is the remainder when 141504 is divided by 2910?
1824
Calculate the remainder when 13203 is divided by 12673.
530
Calculate the remainder when 395532 is divided by 706.
172
Calculate the remainder when 290057 is divided by 10738.
131
What is the remainder when 9786263 is divided by 4893100?
63
What is the remainder when 26932 is divided by 72?
4
Calculate the remainder when 11734749 is divided by 3674.
3667
What is the remainder when 149734 is divided by 73783?
2168
What is the remainder when 481527 is divided by 34392?
39
Calculate the remainder when 4109339 is divided by 59.
48
Calculate the remainder when 339105 is divided by 64.
33
What is the remainder when 37031 is divided by 257